m) be the second derivative of -m**4/12 - m**3/2 + 5*m**2/2 + m - 57. Let i = 14 - 25. Let h = i + 6. What is z(h)?
-5
Suppose -13*p + 20*p = 14. Let t(j) = -j - 4. Let f(w) = w + 4. Let q(v) = p*t(v) + 3*f(v). Give q(0).
4
Let f(j) be the second derivative of -8/3*j**3 + 3*j + 0 + 0*j**2. Let h(s) = s**2 + 6*s + 7. Let b be h(-4). Determine f(b).
16
Let s(l) = -4*l - 22. Let r(w) = 79*w + 639. Let q be r(-8). Determine s(q).
-50
Let x(o) be the first derivative of 26*o**2 + o + 553. What is x(-1)?
-51
Let r(i) = 41 - 242 + 13*i + 56 + 11*i. Calculate r(6).
-1
Let k(t) be the third derivative of t**5/60 - t**4/6 - 7*t**3/6 - 78*t**2. What is k(6)?
5
Let x(w) be the third derivative of 0 + 0*w + 2*w**2 - 1/6*w**3 + 1/8*w**4. Determine x(2).
5
Let a(b) be the first derivative of 3*b**2/2 - 5*b + 1. Let n(u) be the second derivative of u**3/2 - 4*u**2 - 4*u. Let p be n(4). Calculate a(p).
7
Let t(s) = -2*s**2 - 8*s - 7. Suppose 3*z = 2*u - 16, -10*u + 7*u - 33 = 5*z. Determine t(z).
-31
Suppose c - 23 = -5*h, 17*h - c - 27 = 12*h. Let x(a) = a**2 - 4*a + 3. Calculate x(h).
8
Let s(d) = d**3 - 6*d**2 + 6*d. Suppose 29*g + 4 = 120. What is s(g)?
-8
Let n(h) = -2*h**3 - 3*h - 3. Let d be n(-1). Let u(g) = 17*g**2 - 9*g**d + g - 9*g**2. What is u(0)?
0
Let o(z) = -z**3 - 4*z**2 + 17*z + 8. Let a be o(-7). Let i = -31 + a. Let y(b) = -2*b + 6. Determine y(i).
-4
Let l(p) = 3*p + 3 - 5 + 1 - 12. Let a be l(6). Let z(j) = 2*j - 4. Give z(a).
6
Let j(o) = -3*o**3 - 2*o**2 - o + 1. Suppose 3*p = -5*f + 82, -4*f + 36 = -2*p - 3*p. Suppose 5*y - 4*a = -f, -4*a = -3*y + 2*y - 6. Give j(y).
19
Let u(g) = 4*g**2 + 0*g**2 - 6*g - 5*g**2 + 1 + 2*g. Determine u(-3).
4
Let j(f) = -f**2 + 3*f + 5. Let w(s) = -s**3 - 10*s**2 - 24*s - 5. Let y be w(-3). Calculate j(y).
1
Let q(l) = -8*l - 3*l**2 + 45*l**3 + 1 - 44*l**3 + 4*l. Suppose y = 3*y - 8. Give q(y).
1
Let w(q) be the first derivative of -q**3/3 + 3*q**2 + 6*q - 12. Determine w(5).
11
Let g(a) = -2*a**2 + 8*a - 3. Suppose i + 10 - 16 = 0. Calculate g(i).
-27
Let h(o) = 9*o**3 + 14*o**2 + 15*o + 20. Let x(r) = 20*r**3 + 29*r**2 + 31*r + 40. Let w(n) = 9*h(n) - 4*x(n). Give w(-9).
2
Let a(u) = -u**3 + 2*u**2 - u + 2. Let w be a(2). Let y(t) = -t**2 - 3*t - 6. Let z(v) = -4*v**2 - 14*v - 22. Let n(q) = 9*y(q) - 2*z(q). Give n(w).
-10
Let t(x) = -x + 1. Let w(k) = 3*k. Let c(o) = 2*t(o) + w(o). Let g(i) = 4*i**2 + i + 1. Let u be g(-1). Suppose -u*q + 2*q - 4 = 0. Calculate c(q).
0
Let g(c) = c**3 + 6*c**2 + 3*c - 8. Suppose -12 = -5*n + 8, 2*k = 2*n - 20. Calculate g(k).
-26
Suppose 3*y - h - 11 = 0, 0 = 4*y + 3*h + h + 12. Let a(f) = -11*f**2 - 9*f**2 - 1 + 24*f**y + 4*f + f**3. Determine a(-3).
-4
Let b(f) = 3*f**3 + 3*f**2 + 2*f + 2. Let h(y) = 2*y**3 + 12*y + 12. Let l be h(-1). Give b(l).
-14
Let l(p) be the second derivative of p**8/2240 + p**7/2520 - p**6/360 - p**5/60 + 17*p**4/12 - 10*p. Let s(i) be the third derivative of l(i). Determine s(-2).
-18
Let n(o) = o - 564*o**2 + 277*o**2 + 277*o**2. Determine n(1).
-9
Let x(k) be the first derivative of -k**2/2 + 2*k + 133. Let u(s) = 3*s**2 - s - 1. Let q be u(-2). Let t = q - 7. Give x(t).
-4
Suppose -3*r + 27 = -0*r. Let d(o) = -10*o + 9 - r. Let s be 78/(-351) + (-11)/(-9). Give d(s).
-10
Let m(a) be the third derivative of a**6/120 - 7*a**5/60 - 5*a**4/12 + 3*a**3/2 + 10*a**2. Let j be m(8). Let r(p) = -2*p - 9. What is r(j)?
5
Let b = 2987 - 2985. Let v(s) = 4*s**2 + s. Give v(b).
18
Let y(n) = -5*n**2 + 5*n + 4. Let u(r) = 2*r**2 + 1. Let z be u(-1). Let h(g) = 2*g**2 - 3*g - 2. Let v(d) = z*y(d) + 7*h(d). Calculate v(-5).
3
Suppose -5*m - 11 = -1. Let p(x) = 2*x**2 - x - 1. Let d be p(-1). Let v(l) = -1 + l**3 + d + l**2 + l + 0*l - 2*l. What is v(m)?
-1
Let q be ((-2)/2)/((-3)/6). Let r be (3 - q)/(3/6). Let o(h) = 4*h**r - h**3 + 2 + 2*h - 6 + 0*h**3 - h**2. Calculate o(4).
-12
Let n(c) = -c**2 - 33. Let k be -1*4/8*-10 + -5. What is n(k)?
-33
Let g(d) = -19*d + 9. Let k(o) = 18*o - 10. Let a(f) = -5*g(f) - 4*k(f). Let c(y) = 11*y - 2. Let p(z) = -6*a(z) + 13*c(z). Calculate p(-3).
-11
Let y(d) = 2*d - 1. Let m(a) = a**2 + 4*a - 42. Let r be m(-9). What is y(r)?
5
Let o = -34 - -36. Let x(a) = -2*a + 3 + 95*a**o - 2 - 99*a**2. What is x(1)?
-5
Let k(w) = 14 + 6*w + 19*w**2 - w**3 + 9*w**2 + 13*w**2 - 36*w**2 - 6. Calculate k(6).
8
Let c(l) be the second derivative of -2*l + 1/6*l**3 + 0 + 13/12*l**4 - 1/2*l**2. Suppose 3*b - 7 = -4*k, 1 = -339*k + 337*k + 3*b. Determine c(k).
13
Let c = -9 - -13. Let d(w) be the first derivative of w**2 - 5*w + 3. Determine d(c).
3
Suppose -q + 8 = q. Suppose -q*j - 10 - 2 = 0. Let z(f) = -2*f - 10270 + 10268 + f. Give z(j).
1
Suppose -4*d - 3*o - 1 = 0, 5*d + 0*d - 5*o = -10. Let w(c) be the first derivative of -20 + c + 1/2*c**2 + 4*c**3. Determine w(d).
12
Let k(u) be the first derivative of -u**4/4 + u**3 + 7*u**2/2 - 6*u + 29. Suppose -5*v + 23 + 2 = 0. What is k(v)?
-21
Suppose 3*l = 5*p, 15*l - 18 = 18*l + p. Let b(o) = -o**2 - 3*o + 8. What is b(l)?
-2
Suppose 0 = -9*n + 7*n - 10. Let c(m) = -m + 5. Let p(v) = 2*v - 5. Let u(k) = n*p(k) - 4*c(k). Determine u(4).
-19
Let y(p) = -p**3 + 10*p**2 + 12*p - 15. Let d(h) = 35*h + 326. Let r be d(-9). Calculate y(r).
-4
Let m(q) be the second derivative of -3*q + 3/2*q**2 + 0 + q**3. Suppose 11 = 2*n + 2*i + 3*i, 3*n + 9 = i. Determine m(n).
-9
Let d(s) = 2*s**2 - 9*s. Let v be d(3). Let c(u) = 3*u + 22. Calculate c(v).
-5
Suppose -3*t - 3*f = 24, 0*t = 2*t - 4*f + 22. Let n(o) = -o**2 - 10*o - 3. Let d be n(t). Let x(i) = 0*i - 2*i + 4*i + 1. Give x(d).
13
Let g(x) = -x**2 + 6*x - 4. Let t(l) = 61*l + 185. Let r be t(-3). What is g(r)?
4
Let c(o) = -9*o**2 + 3*o + 5. Let i(z) = -4*z**2 + z + 2. Let w(d) = -6*c(d) + 14*i(d). Give w(-2).
-2
Let g(i) = i**2 + 10. Suppose 0 = -132*v + 138*v - 18. Let f be ((-4)/(-3) - 0)*9. Let q be 1*(v - f/4). What is g(q)?
10
Let d(f) = 2*f - 11. Let y(k) = 7*k - 31. Let h(n) = 17*d(n) - 6*y(n). What is h(1)?
-9
Let p(l) = -l**2 + 14. Let b = -429 + 425. What is p(b)?
-2
Let x = 163 + -161. Let u(f) = 5*f**2 + 11*f - 7. Let p(j) = -6*j**2 - 12*j + 8. Let q(r) = 6*p(r) + 7*u(r). Give q(x).
5
Suppose 36*o - 98*o + 248 = 0. Let i(v) be the second derivative of -v**4/12 + 2*v**3/3 - 2*v**2 + v. What is i(o)?
-4
Let t = -36 + 18. Let w be -8 + (2/(-3))/(4/t). Let y(k) = 4 - 4 - 4 - k. What is y(w)?
1
Let i(f) = -f**3 - f**2 + 2*f - 2. Let p be i(-3). Suppose p*y = 9*y + 2. Suppose 2*h + h - 3 = 0, 5*d = y*h - 17. Let a(u) = -3*u - 4. Determine a(d).
5
Let y(a) = -a**3 + 26 - 3*a**2 + 3*a - 17 - 4*a**2. Let x(n) = 2*n - 3. Let r be x(-2). Calculate y(r).
-12
Let y(o) = 68*o + 5 - 134*o + 64*o. Calculate y(6).
-7
Let g(w) be the third derivative of w**6/120 - w**5/30 - w**4/12 - w**3/6 + 401*w**2. Let x be -2 + 5 - (0 + 0). Give g(x).
2
Let d(n) = -n**3 - 6*n**2 + 5*n - 14. Let i be d(-7). Let t(z) = 6 + 6 + 2*z**2 - 5 + z**3 - 3*z**2. Calculate t(i).
7
Let p be ((-855)/(-380))/((-3)/(-4)). Let j(g) = -5*g**2 + 2*g + 3. Let x(y) = -2*y**2 + y + 1. Let l(b) = 3*j(b) - 7*x(b). Calculate l(p).
-10
Let p(i) = -i**2 + 10*i - 17. Let d be p(6). Let t(j) = -j + 7. Calculate t(d).
0
Let u(s) = -s**3 - 12*s**2 + s + 15. Let g be u(-12). Let y(t) = 51*t**2 + 2*t + 2 - 3 - 52*t**2 + 16*t**g. Calculate y(1).
16
Let k(z) = -z**2 - 52*z + 97*z - 50*z. What is k(-5)?
0
Let g = 633 + -633. Let h(b) = -4*b**2 + 6*b + 28. Let r(l) = l**2 - l - 1. Let x(n) = -h(n) - 5*r(n). What is x(g)?
-23
Let n be (2 - -1)*24/(-72). Let u(s) = -3 + 2 + 6*s**3 + s**2 + 0. Determine u(n).
-6
Let i(l) = l**2 - l. Let q(o) = -o**2 + o - 2. Let z(a) = -a**3 + 5*a**2 - 4*a + 16. Let u(w) = -6*q(w) - z(w). Let n(y) = 3*i(y) + u(y). Give n(-3).
20
Let h(a) = -a**2 - a. Suppose 0 = -22*v - 22 - 22. What is h(v)?
-2
Let v(j) be the first derivative of -j**6/120 + 2*j**5/15 - j**4/4 + j**3 + 17*j**2/2 - 5. Let h(q) be the second derivative of v(q). Calculate h(7).
13
Let r(z) be the first derivative of -z**3/3 + 2*z**2 - 4*z - 1. Let y(t) = 6 - 16 - t**2 - 2*t**2 - 5*t + 4*t**2. Let n be y(7). Determine r(n).
-4
Let h(c) be the first derivative of -6*c**2 + 2*c + 57. What is h(2)?
-22
Let a(z) be the third derivative of -z**4/12 - z**3/3 - 8*z**2. Let j(i) = 2*i**2 - 48*i + 5.